{"id":47,"date":"2008-10-30T14:43:46","date_gmt":"2008-10-30T12:43:46","guid":{"rendered":"http:\/\/www.autocv.ro\/?page_id=47"},"modified":"2013-04-23T09:16:49","modified_gmt":"2013-04-23T07:16:49","slug":"forme-de-invatamant","status":"publish","type":"page","link":"https:\/\/www.autocv.ro\/?page_id=47","title":{"rendered":"Forme de invatamant"},"content":{"rendered":"<div class=\"fcbkbttn_buttons_block\" id=\"fcbkbttn_left\"><div class=\"fcbkbttn_button\">\n                            <a href=\"https:\/\/www.facebook.com\/Lttauto-Craiova\" target=\"_blank\">\n                                <img decoding=\"async\" src=\"https:\/\/www.autocv.ro\/wp-content\/plugins\/facebook-button-plugin\/images\/standard-facebook-ico.png\" alt=\"Fb-Button\" \/>\n                            <\/a>\n                        <\/div><div class=\"fcbkbttn_like \"><fb:like href=\"https:\/\/www.autocv.ro\/?page_id=47\" action=\"like\" colorscheme=\"light\" layout=\"standard\"  width=\"225px\" size=\"small\"><\/fb:like><\/div><div class=\"fb-share-button  \" data-href=\"https:\/\/www.autocv.ro\/?page_id=47\" data-type=\"button_count\" data-size=\"small\"><\/div><\/div><p class=\"MsoNormal\" style=\"margin: 0in 0in 0pt; text-align: justify;\"><span style=\"font-size: 9pt; font-family: Verdana; mso-ansi-language: RO;\"><span style=\"color: #c0c0c0;\">La stabilirea ofertei educa\u0163ionale se \u0163ine cont \u00een primul r\u00e2nd de corelarea acesteia cu cererea de pe pia\u0163a muncii. Pia\u0163a muncii local\u0103, jude\u0163ean\u0103, regional\u0103 \u015fi na\u0163ional\u0103 se afl\u0103 \u00eentr-o continu\u0103 schimbare, iar adaptabilitatea \u015fi flexibilitatea sunt condi\u0163ii esen\u0163iale de integrare socio-profesional\u0103 a absolven\u0163ilor \u00eenv\u0103\u0163\u0103m\u00e2ntului tehnic \u015fi profesional.<strong style=\"mso-bidi-font-weight: normal;\"><span style=\"mso-tab-count: 2;\"> <\/span><span style=\"mso-tab-count: 1;\"> <\/span><\/strong><\/span><\/span><\/p>\n<p class=\"MsoNormal\" style=\"margin: 0in 0in 0pt 40.7pt; text-indent: -0.25in; mso-list: l6 level1 lfo9; tab-stops: list 40.7pt;\"><span style=\"color: #c0c0c0;\"><span style=\"font-size: 9pt; font-family: Wingdings; mso-ansi-language: RO; mso-fareast-font-family: Wingdings; mso-bidi-font-family: Wingdings;\"><span style=\"mso-list: Ignore;\"><span style=\"font-family: &amp;amp;amp;\"> <\/span><\/span><\/span><strong style=\"mso-bidi-font-weight: normal;\"><span style=\"font-size: 9pt; font-family: Verdana; mso-ansi-language: RO;\">Nivelurile de \u00eenv\u0103\u0163\u0103m\u00e2nt existente \u00een unitate:<\/span><\/strong><\/span><\/p>\n<p class=\"MsoNormal\" style=\"margin: 0in 0in 0pt 40.7pt; text-indent: -0.25in; mso-list: l6 level1 lfo9; tab-stops: list 40.7pt;\"><span style=\"color: #c0c0c0;\"><strong style=\"mso-bidi-font-weight: normal;\"><span style=\"font-size: 9pt; font-family: Verdana; mso-ansi-language: RO;\">1. Inv. Prescolar;<br \/>\n<\/span><\/strong><\/span><\/p>\n<p class=\"MsoNormal\" style=\"margin: 0in 0in 0pt 39pt; text-indent: -0.25in; mso-list: l0 level1 lfo1; tab-stops: list 39.0pt;\"><span style=\"color: #c0c0c0;\"><strong style=\"mso-bidi-font-weight: normal;\"><span style=\"font-size: 9pt; font-family: Verdana; mso-ansi-language: RO; mso-fareast-font-family: Verdana; mso-bidi-font-family: Verdana;\"><span style=\"mso-list: Ignore;\">2.<span style=\"font-family: &amp;amp;amp;\"> Inv. <\/span><\/span><\/span><\/strong><strong style=\"mso-bidi-font-weight: normal;\"><span style=\"font-size: 9pt; font-family: Verdana; mso-ansi-language: RO;\">Primar ; [inclusiv \u201ea doua sansa\u201d] <\/span><\/strong><strong style=\"mso-bidi-font-weight: normal;\"><span style=\"font-size: 9pt; font-family: Verdana; mso-ansi-language: RO;\"><span style=\"mso-tab-count: 4;\"> <\/span><\/span><\/strong><\/span><\/p>\n<p class=\"MsoNormal\" style=\"margin: 0in 0in 0pt 39pt; text-indent: -0.25in; mso-list: l0 level1 lfo1; tab-stops: list 39.0pt;\"><span style=\"color: #c0c0c0;\"><strong style=\"mso-bidi-font-weight: normal;\"><span style=\"font-size: 9pt; font-family: Verdana; mso-ansi-language: RO; mso-fareast-font-family: Verdana; mso-bidi-font-family: Verdana;\"><span style=\"mso-list: Ignore;\">3.<span style=\"font-family: &amp;amp;amp;\"> <\/span><\/span><\/span><\/strong><strong style=\"mso-bidi-font-weight: normal;\"><span style=\"font-size: 9pt; font-family: Verdana; mso-ansi-language: RO;\">Inv. Gimnazal ; [inclusiv \u201ea doua sansa\u201d-finalizata cu calificare nivel 1] <\/span><span style=\"text-decoration: underline;\"><span style=\"font-size: 9pt; font-family: Verdana; mso-ansi-language: RO;\"><span style=\"mso-spacerun: yes;\"> <\/span><\/span><\/span><\/strong><\/span><\/p>\n<p class=\"MsoNormal\" style=\"margin: 0in 0in 0pt 39pt; text-indent: -0.25in; mso-list: l0 level1 lfo1; tab-stops: list 39.0pt;\"><span style=\"color: #c0c0c0;\"><strong style=\"mso-bidi-font-weight: normal;\"><span style=\"font-size: 9pt; font-family: Verdana; mso-ansi-language: RO; mso-fareast-font-family: Verdana; mso-bidi-font-family: Verdana;\"><span style=\"mso-list: Ignore;\">4.<span style=\"font-family: &amp;amp;amp;\"> Inv. <\/span><\/span><\/span><\/strong><strong style=\"mso-bidi-font-weight: normal;\"><span style=\"font-size: 9pt; font-family: Verdana; mso-ansi-language: RO;\">Liceal \/ Zi \/ Seral ; <\/span><\/strong><\/span><\/p>\n<p class=\"MsoNormal\" style=\"margin: 0in 0in 0pt 39pt; text-indent: -0.25in; mso-list: l0 level1 lfo1; tab-stops: list 39.0pt;\"><span style=\"color: #c0c0c0;\"><strong style=\"mso-bidi-font-weight: normal;\"><span style=\"font-size: 9pt; font-family: Verdana; mso-ansi-language: RO;\">5. Inv. Profesional \/ Stagii de pregatire practica;<\/span><\/strong><\/span><\/p>\n<p class=\"MsoNormal\" style=\"margin: 0in 0in 0pt 39pt; text-indent: -0.25in; mso-list: l0 level1 lfo1; tab-stops: list 39.0pt;\"><span style=\"color: #c0c0c0;\"><strong style=\"mso-bidi-font-weight: normal;\"><span style=\"font-size: 9pt; font-family: Verdana; mso-ansi-language: RO;\">6. Inv. Postliceal;<\/span><\/strong><\/span><\/p>\n<p class=\"MsoNormal\" style=\"margin: 0in 0in 0pt 39pt; text-indent: -0.25in; mso-list: l0 level1 lfo1; tab-stops: list 39.0pt;\"><span style=\"color: #c0c0c0;\"><strong style=\"mso-bidi-font-weight: normal;\"><span style=\"font-size: 9pt; font-family: Verdana; mso-ansi-language: RO; mso-fareast-font-family: Verdana; mso-bidi-font-family: Verdana;\"><span style=\"mso-list: Ignore;\"><span style=\"font-family: &amp;amp;amp;\"> <\/span><\/span><\/span><\/strong><strong style=\"mso-bidi-font-weight: normal;\"><span style=\"font-size: 9pt; font-family: Verdana; mso-ansi-language: RO;\"> <\/span><\/strong><\/span><\/p>\n<p class=\"MsoNormal\" style=\"margin: 0in 0in 0pt 39pt; text-indent: -0.25in; mso-list: l0 level1 lfo1; tab-stops: list 39.0pt;\"><span style=\"color: #c0c0c0;\"><strong style=\"mso-bidi-font-weight: normal;\"><span style=\"font-size: 9pt; font-family: Verdana; mso-ansi-language: RO; mso-fareast-font-family: Verdana; mso-bidi-font-family: Verdana;\"><span style=\"mso-list: Ignore;\">7.<span style=\"font-family: &amp;amp;amp;\"> <\/span><\/span><\/span><\/strong><strong style=\"mso-bidi-font-weight: normal;\"><span style=\"font-size: 9pt; font-family: Verdana; mso-ansi-language: RO;\">Alte forme :<\/span><\/strong><strong style=\"mso-bidi-font-weight: normal;\"><span style=\"font-size: 9pt; font-family: Verdana; mso-ansi-language: RO;\"> Furnizor de Formare Profesional\u0103 a Adul\u0163ilor ;<\/span><\/strong><\/span><\/p>\n<p class=\"MsoNormal\" style=\"margin: 0in 0in 0pt; text-align: justify;\"><span style=\"color: #c0c0c0;\"> <\/span><\/p>\n<p class=\"MsoNormal\" style=\"margin: 0in 0in 0pt; text-align: justify;\"><span style=\"color: #c0c0c0;\"> <\/span><\/p>\n<p class=\"MsoNormal\" style=\"margin: 0in 0in 0pt; text-align: justify;\"><span style=\"color: #c0c0c0;\"> <\/span><\/p>\n","protected":false},"excerpt":{"rendered":"<p>La stabilirea ofertei educa\u0163ionale se \u0163ine cont \u00een primul r\u00e2nd de corelarea acesteia cu cererea de pe pia\u0163a muncii. Pia\u0163a muncii local\u0103, jude\u0163ean\u0103, regional\u0103 \u015fi na\u0163ional\u0103 se afl\u0103 \u00eentr-o continu\u0103 schimbare, iar adaptabilitatea \u015fi flexibilitatea sunt condi\u0163ii esen\u0163iale de integrare socio-profesional\u0103 a absolven\u0163ilor \u00eenv\u0103\u0163\u0103m\u00e2ntului tehnic \u015fi profesional. Nivelurile de \u00eenv\u0103\u0163\u0103m\u00e2nt existente \u00een unitate: 1. Inv. [&hellip;]<\/p>\n","protected":false},"author":1,"featured_media":0,"parent":4,"menu_order":4,"comment_status":"closed","ping_status":"closed","template":"","meta":{"footnotes":"","_links_to":"","_links_to_target":""},"class_list":["post-47","page","type-page","status-publish","hentry"],"_links":{"self":[{"href":"https:\/\/www.autocv.ro\/index.php?rest_route=\/wp\/v2\/pages\/47","targetHints":{"allow":["GET"]}}],"collection":[{"href":"https:\/\/www.autocv.ro\/index.php?rest_route=\/wp\/v2\/pages"}],"about":[{"href":"https:\/\/www.autocv.ro\/index.php?rest_route=\/wp\/v2\/types\/page"}],"author":[{"embeddable":true,"href":"https:\/\/www.autocv.ro\/index.php?rest_route=\/wp\/v2\/users\/1"}],"replies":[{"embeddable":true,"href":"https:\/\/www.autocv.ro\/index.php?rest_route=%2Fwp%2Fv2%2Fcomments&post=47"}],"version-history":[{"count":15,"href":"https:\/\/www.autocv.ro\/index.php?rest_route=\/wp\/v2\/pages\/47\/revisions"}],"predecessor-version":[{"id":1117,"href":"https:\/\/www.autocv.ro\/index.php?rest_route=\/wp\/v2\/pages\/47\/revisions\/1117"}],"up":[{"embeddable":true,"href":"https:\/\/www.autocv.ro\/index.php?rest_route=\/wp\/v2\/pages\/4"}],"wp:attachment":[{"href":"https:\/\/www.autocv.ro\/index.php?rest_route=%2Fwp%2Fv2%2Fmedia&parent=47"}],"curies":[{"name":"wp","href":"https:\/\/api.w.org\/{rel}","templated":true}]}}