{"id":1897,"date":"2019-08-09T07:18:01","date_gmt":"2019-08-09T05:18:01","guid":{"rendered":"http:\/\/www.autocv.ro\/?page_id=1897"},"modified":"2023-12-04T18:48:59","modified_gmt":"2023-12-04T16:48:59","slug":"proiect-erasmus-ka101","status":"publish","type":"page","link":"https:\/\/www.autocv.ro\/?page_id=1897","title":{"rendered":"Erasmus+ KA101"},"content":{"rendered":"<div class=\"fcbkbttn_buttons_block\" id=\"fcbkbttn_left\"><div class=\"fcbkbttn_button\">\n                            <a href=\"https:\/\/www.facebook.com\/Lttauto-Craiova\" target=\"_blank\">\n                                <img decoding=\"async\" src=\"https:\/\/www.autocv.ro\/wp-content\/plugins\/facebook-button-plugin\/images\/standard-facebook-ico.png\" alt=\"Fb-Button\" \/>\n                            <\/a>\n                        <\/div><div class=\"fcbkbttn_like \"><fb:like href=\"https:\/\/www.autocv.ro\/?page_id=1897\" action=\"like\" colorscheme=\"light\" layout=\"standard\"  width=\"225px\" size=\"small\"><\/fb:like><\/div><div class=\"fb-share-button  \" data-href=\"https:\/\/www.autocv.ro\/?page_id=1897\" data-type=\"button_count\" data-size=\"small\"><\/div><\/div>\n<figure class=\"wp-block-image\"><img fetchpriority=\"high\" decoding=\"async\" width=\"661\" height=\"413\" src=\"https:\/\/www.autocv.ro\/wp-content\/uploads\/2019\/12\/image.png\" alt=\"\" class=\"wp-image-2135\" srcset=\"https:\/\/www.autocv.ro\/wp-content\/uploads\/2019\/12\/image.png 661w, https:\/\/www.autocv.ro\/wp-content\/uploads\/2019\/12\/image-300x187.png 300w\" sizes=\"(max-width: 661px) 100vw, 661px\" \/><\/figure>\n\n\n\n<p class=\"has-text-color has-medium-font-size has-vivid-cyan-blue-color\"><strong><a href=\"https:\/\/www.autocv.ro\/?page_id=1908\">1.Anun\u0163uri , Inform\u0103ri ;<\/a><\/strong><\/p>\n\n\n\n<ul class=\"wp-block-list\"><li><strong><a href=\"https:\/\/www.autocv.ro\/?page_id=1918\">Selec\u0163ie;<\/a><\/strong><\/li><li> <strong><a href=\"http:\/\/www.autocv.ro\/wp-content\/uploads\/2019\/10\/Rezultate-selctii.pdf\">Rezultate;<\/a><\/strong> <\/li><li> <a href=\"http:\/\/www.autocv.ro\/wp-content\/uploads\/2019\/10\/ghid-abandon-scolar.pdf\"><strong>Ghid de prevenire a abandonului scolar<\/strong><\/a> <\/li><li>  <strong><a href=\"http:\/\/www.autocv.ro\/wp-content\/uploads\/2019\/12\/Ghid-abandon-scolar-engleza.pdf\">Ghid de prevenire a abandonul scolar &#8211; versiunea in limba engleza;<\/a><\/strong> <\/li><\/ul>\n\n\n\n<p style=\"text-align:left\" class=\"has-text-color has-medium-font-size has-vivid-cyan-blue-color\">     <a href=\"http:\/\/www.autocv.ro\/wp-content\/uploads\/2019\/10\/diseminare.pdf\">  <\/a><strong><a href=\"http:\/\/www.autocv.ro\/wp-content\/uploads\/2019\/10\/diseminare.pdf\">2.<\/a><\/strong><a href=\"http:\/\/www.autocv.ro\/wp-content\/uploads\/2019\/10\/diseminare.pdf\"> <\/a><strong><a href=\"http:\/\/www.autocv.ro\/wp-content\/uploads\/2019\/10\/diseminare.pdf\">Diseminare<\/a><\/strong> &#8211;<a href=\"http:\/\/www.autocv.ro\/wp-content\/uploads\/2019\/12\/Diseminare-poze.pdf\">fotografii<\/a> ; <\/p>\n\n\n\n<ul class=\"wp-block-list\"><li><a href=\"http:\/\/www.autocv.ro\/wp-content\/uploads\/2019\/12\/LTTA-ROMANIA.pptx\"><strong>P<\/strong><\/a><strong><a href=\"http:\/\/www.autocv.ro\/wp-content\/uploads\/2019\/12\/LTTA-ROMANIA.pdf\">rezentare Liceul Tehn. de Transp. Auto<\/a><\/strong><\/li><li><strong><a href=\"http:\/\/www.autocv.ro\/wp-content\/uploads\/2019\/12\/prezentare-proiect.pdf\">Prezentare proiect<\/a><\/strong><a href=\"http:\/\/www.autocv.ro\/wp-content\/uploads\/2019\/12\/prezentare-proiect.pdf\">-Copii motiva\u021bi \u00eentr-o \u0219coal\u0103 european\u0103<\/a> <\/li><li><a href=\"http:\/\/www.autocv.ro\/wp-content\/uploads\/2019\/12\/video-elevi.mp4\"><strong>Video elevi<\/strong><\/a><strong> <\/strong>; <a href=\"http:\/\/www.autocv.ro\/wp-content\/uploads\/2019\/12\/WhatsApp.mp4\"><strong>Marturii despre proiec<\/strong>t<\/a>;<\/li><li><a href=\"http:\/\/www.autocv.ro\/wp-content\/uploads\/2019\/12\/video-profesori.mp4\"><strong>Video profesori<\/strong><\/a><\/li><li><a href=\"http:\/\/www.autocv.ro\/wp-content\/uploads\/2019\/12\/Panou-proiect.jpg\"><strong>Panou proiect<\/strong><\/a><\/li><li><strong><a href=\"http:\/\/www.autocv.ro\/wp-content\/uploads\/2019\/12\/CDS_fii-bun_fii-creativ.pdf\">CDS<\/a><\/strong><\/li><li><strong><a href=\"http:\/\/www.autocv.ro\/wp-content\/uploads\/2019\/12\/Atelier-bune-practici-BE-COOL-STAY@SCHOOL.pdf\">Atelier bune practici &#8220;Be cool! Stay @school&#8221;<\/a><\/strong><\/li><li><strong><a href=\"http:\/\/www.autocv.ro\/wp-content\/uploads\/2019\/12\/Atelier-dezvoltare-personala-GESTIONAREA-ADECVATA-A-SITUATIILOR-CONFLICTUALE-1.pdf\">Atelier dezvoltare personal\u0103 &#8220;Gestionarea adecvat\u0103 a situa\u021biilor conflictuale&#8221;<\/a><\/strong><\/li><li><strong><a href=\"http:\/\/www.autocv.ro\/wp-content\/uploads\/2019\/12\/Atelier-EXPRIMAREA-ECHILIBRAT\u0102-A-EMO\u021aIILOR.pdf\">Atelier &#8220;Exprimarea echilibrat\u0103 a emo\u021biilor&#8221; <\/a><\/strong><\/li><li><strong><a href=\"http:\/\/www.autocv.ro\/wp-content\/uploads\/2019\/12\/CHESTIONAR-PENTRU-P\u0102RIN\u021aI.pdf\">Chestionar parin\u021bi<\/a>,  <a href=\"http:\/\/www.autocv.ro\/wp-content\/uploads\/2019\/12\/CHESTIONAR-PENTRU-ELEVI.pdf\">chestionar  elevi,<\/a>  <a href=\"http:\/\/www.autocv.ro\/wp-content\/uploads\/2019\/12\/CHESTIONAR-PENTRU-PROFESORI.pdf\">chestionar  profesori<\/a> ; <\/strong><\/li><li><a href=\"http:\/\/www.autocv.ro\/wp-content\/uploads\/2019\/12\/Parteneriate-scoli-institutii-ONGuri.pdf\"><strong>Parteneriate<\/strong><\/a><\/li><li>D<strong>ezbatere public\u0103 &#8220;Scoala alternativ\u0103 la abandonul \u0219colar&#8221;<\/strong> &#8211; <a href=\"http:\/\/www.autocv.ro\/wp-content\/uploads\/2019\/12\/Dezbatere-aspecte-teoretice.pdf\">aspecte teoretice<\/a> + <a href=\"http:\/\/www.autocv.ro\/wp-content\/uploads\/2019\/12\/Dezbatere-plan-de-masuri.pdf\">plan de masuri<\/a>, <a href=\"http:\/\/www.autocv.ro\/wp-content\/uploads\/2019\/12\/Dezbatere-program-1.pdf\">Program<\/a>, <a href=\"http:\/\/www.autocv.ro\/wp-content\/uploads\/2019\/12\/Dezbatere-chestionar-1.pdf\">Chestionar<\/a><\/li><li><strong>Curs: &#8220;Prevenirea abandonului \u0219colar \u00een context european&#8221;<\/strong> &#8211;<a href=\"http:\/\/www.autocv.ro\/wp-content\/uploads\/2019\/12\/Curs-abandon-scolar.pdf\">Prezentare curs<\/a>, <a href=\"http:\/\/www.autocv.ro\/wp-content\/uploads\/2019\/12\/Curs-Suport-curs-abandon-scolar.pdf\">Suport curs<\/a>, <a href=\"http:\/\/www.autocv.ro\/wp-content\/uploads\/2019\/12\/Curs-chestionar.pdf\">Chestionar<\/a><\/li><li><strong>Ghid de prevenirea abandonului \u0219colar<\/strong> &#8211; <a href=\"http:\/\/www.autocv.ro\/wp-content\/uploads\/2019\/10\/ghid-abandon-scolar.pdf\">Limba romana<\/a>,<a href=\"http:\/\/www.autocv.ro\/wp-content\/uploads\/2019\/12\/Ghid-abandon-scolar-engleza.pdf\"> Limba engleza <\/a> <\/li><li> <strong><a href=\"http:\/\/www.autocv.ro\/?page_id=2138(opens in a new tab)\">Rapoarte participanti la mobilitati<\/a><\/strong><\/li><\/ul>\n\n\n\n<p class=\"has-text-color has-medium-font-size has-vivid-cyan-blue-color\"><a href=\"https:\/\/www.autocv.ro\/?page_id=1913\">3.<\/a> <strong><a href=\"https:\/\/www.autocv.ro\/?page_id=1913\">Galerie foto;<\/a><\/strong><\/p>\n","protected":false},"excerpt":{"rendered":"<p>1.Anun\u0163uri , Inform\u0103ri ; Selec\u0163ie; Rezultate; Ghid de prevenire a abandonului scolar Ghid de prevenire a abandonul scolar &#8211; versiunea in limba engleza; 2. Diseminare &#8211;fotografii ; Prezentare Liceul Tehn. de Transp. Auto Prezentare proiect-Copii motiva\u021bi \u00eentr-o \u0219coal\u0103 european\u0103 Video elevi ; Marturii despre proiect; Video profesori Panou proiect CDS Atelier bune practici &#8220;Be cool! [&hellip;]<\/p>\n","protected":false},"author":1,"featured_media":0,"parent":0,"menu_order":0,"comment_status":"closed","ping_status":"closed","template":"","meta":{"footnotes":"","_links_to":"","_links_to_target":""},"class_list":["post-1897","page","type-page","status-publish","hentry"],"_links":{"self":[{"href":"https:\/\/www.autocv.ro\/index.php?rest_route=\/wp\/v2\/pages\/1897","targetHints":{"allow":["GET"]}}],"collection":[{"href":"https:\/\/www.autocv.ro\/index.php?rest_route=\/wp\/v2\/pages"}],"about":[{"href":"https:\/\/www.autocv.ro\/index.php?rest_route=\/wp\/v2\/types\/page"}],"author":[{"embeddable":true,"href":"https:\/\/www.autocv.ro\/index.php?rest_route=\/wp\/v2\/users\/1"}],"replies":[{"embeddable":true,"href":"https:\/\/www.autocv.ro\/index.php?rest_route=%2Fwp%2Fv2%2Fcomments&post=1897"}],"version-history":[{"count":83,"href":"https:\/\/www.autocv.ro\/index.php?rest_route=\/wp\/v2\/pages\/1897\/revisions"}],"predecessor-version":[{"id":5074,"href":"https:\/\/www.autocv.ro\/index.php?rest_route=\/wp\/v2\/pages\/1897\/revisions\/5074"}],"wp:attachment":[{"href":"https:\/\/www.autocv.ro\/index.php?rest_route=%2Fwp%2Fv2%2Fmedia&parent=1897"}],"curies":[{"name":"wp","href":"https:\/\/api.w.org\/{rel}","templated":true}]}}